- (-6)/(-8). Suppose -4*m = 88 - p. What is the tens digit of m?
4
Let l(x) be the second derivative of x**7/840 - x**5/120 - 5*x**4/12 + 3*x. Let z(f) be the third derivative of l(f). What is the tens digit of z(3)?
2
Let l = 374 - 71. What is the hundreds digit of l?
3
Suppose 96 = -6*m + 2*m. Let a = 44 - m. What is the tens digit of a?
6
Let w(q) = 1006*q - 8. What is the hundreds digit of w(2)?
0
Let h = -134 + 273. Suppose 6*a + 270 = 5*p + 5*a, 3*p - h = -4*a. What is the units digit of p?
3
Suppose 7 - 23 = -2*t. Suppose -j = -5*j + t. Suppose 0 = 5*w - 5*m - 140, 0 = j*w + 4*m - 37 - 7. What is the units digit of w?
6
Let t = -315 - -324. What is the units digit of t?
9
Let j(r) = -r - 8. Let t be j(-4). Let x be (-24)/16 - 226/t. Let i = -26 + x. What is the units digit of i?
9
Let o(f) = -4*f - 4. Let r(t) = -3*t - 3. Let p(v) = 3*o(v) - 2*r(v). Let w be p(3). Let a = -14 - w. What is the units digit of a?
0
Suppose -19 = -6*r + 2*r + z, 3*z + 9 = 0. Suppose -4*c + 0*s + 168 = -r*s, -c = 2*s - 45. What is the units digit of c?
3
Suppose -2*g - 3*c - 783 = -5*g, 0 = 5*g - 2*c - 1302. What is the units digit of g?
0
Suppose 0 = -5*o + 3*n - 4*n + 3382, -2*n - 2714 = -4*o. Suppose -6*y + 583 + o = 0. What is the hundreds digit of y?
2
Suppose -10*a + 82*a - 259056 = 0. What is the hundreds digit of a?
5
Suppose 4*k + 1056 = -600. What is the units digit of (k/12)/((-3)/6)?
9
Suppose 0 = -2*s - f - 150, -3*s + 6*s - f + 215 = 0. Let a = s + 119. Let h = 7 + a. What is the tens digit of h?
5
Let g = -241 + 163. Let l be (-4 + 2)*g/(-4). Let y = -4 - l. What is the tens digit of y?
3
Let g(d) = -18*d**3 + 2*d**2 + 11. What is the hundreds digit of g(-5)?
3
Suppose 0 = -16*o + 5*o + 3476. Suppose 0 = 4*q + 2*l - 418, 10 = -3*q + l + o. What is the units digit of q?
3
Suppose -5*d = -4*r + 3486, 4*r + 3*d - 4339 = -r. What is the units digit of r?
9
Let v = 26 - 11. Suppose 552 = 23*z - 230. Let s = z - v. What is the tens digit of s?
1
Let n(i) = -6*i**2 + 1 + 3*i + 2 + 7*i**2 + 2. Let d be n(-5). Suppose 19 = w - d. What is the units digit of w?
4
What is the tens digit of (8 - 14 - -5)*-269?
6
Suppose 0 = -7*l + 6*l - 6. What is the tens digit of 3/(l/212*-2)?
5
Let r(j) = 208*j**2 + 2*j - 1. Let y(c) = c - 17. Let d be y(18). What is the units digit of r(d)?
9
Let k be -1*((-13)/2)/(5/50). Suppose 4*d + k = y - 11, -3*y + 5*d + 256 = 0. What is the tens digit of y?
9
Let k = -3 + 0. Let z(a) = -a. Let m be z(k). Suppose 160 = t + m*t. What is the units digit of t?
0
Suppose 4*x - 1000 = -x - 2*q, 0 = 4*x + 3*q - 800. What is the units digit of x?
0
Suppose g - 13 + 0 = 0. What is the tens digit of (-263)/(-4) - g/(-52)?
6
Let t(d) = d**3 + d**2 - d. Let k(w) = 4*w**3 + 11*w**2 - 26*w - 12. Let s(u) = k(u) - 3*t(u). What is the hundreds digit of s(-9)?
1
Suppose -5*u + 188 = -4*u. Let n = u + -120. What is the units digit of n?
8
What is the hundreds digit of (-4)/(-6 - 36592/(-6104))?
7
Let g = 176 + -22. Let x = -112 - -15. Let n = g + x. What is the tens digit of n?
5
Let q(a) = a - 5. Let f be q(10). Suppose -64 = -2*g - f*o, -g + 4*g - 89 = -4*o. What is the units digit of g/(-3 - 36/(-8))?
8
Let f = 67 + -115. Let z be (-1 + (-2)/(-6))*f. Let w = z + -22. What is the tens digit of w?
1
Let b(x) = -x**2 + 6*x - 2. Let k be b(4). Let p(s) = -s**3 - 7*s**2 - 5*s + 8. Let i be p(-6). Suppose c = i + k. What is the units digit of c?
8
Let l(m) = -m**3 - 16*m**2 - 12*m + 17. Let h be l(-15). What is the tens digit of (-42 - h)*(-74)/4?
5
Let g(d) = d**2 + d - 13. Let k be ((45/(-12))/(21/(-56)))/(-1). What is the tens digit of g(k)?
7
Let k = -6 + 7. Suppose -35 = -2*b + k. What is the tens digit of b?
1
Suppose 4*v - 25 = -v. Suppose -3*g + 557 = v*a - 2*g, -3*g = -4*a + 438. What is the units digit of a?
1
Let t(d) = -4*d**2 + 4*d - 1. Let h(k) = 9*k**2 - 8*k + 3. Let p(i) = -2*h(i) - 5*t(i). Let o = 15 + -11. What is the units digit of p(o)?
5
What is the tens digit of 4/((-16)/12) + (-73360)/(-16)?
8
Let l(g) = g + 32. Let w = -32 + 32. What is the tens digit of l(w)?
3
Suppose 0 = -4*d + 4*h + 352, 5*h - 125 + 25 = -d. Let s = -31 + d. What is the tens digit of s?
5
Suppose 346*a = 349*a - 3225. What is the tens digit of a?
7
Suppose 116 - 1005 = -y. What is the hundreds digit of y?
8
Suppose 10 = n + 4*n. Let u(a) = -5*a + 13*a - 4*a**2 - 7 + 7*a + 3*a**n. What is the units digit of u(11)?
7
Suppose -3*l + 313 = -2*l + 2*m, 0 = -3*l - 2*m + 923. Suppose -2*o + p + 116 = -0*o, -5*o - 5*p = -l. What is the tens digit of o?
5
Suppose 3*j + 5 = -31. Let y = -4 - 25. Let h = j - y. What is the units digit of h?
7
Suppose -2*m + 0*m = 0, z = 5*m + 7. Let o(s) = s**3 - 4*s**2 + 5*s - 4. Let c be o(z). Suppose 6*k - c = -46. What is the tens digit of k?
2
What is the units digit of 2 + 36/(-15) + 12440/100?
4
Let j be (-20)/(1*(-1 - 1)). Let b = j - 7. Suppose -5*d + 136 = 3*u - 10*d, -4*u = -b*d - 163. What is the units digit of u?
7
Suppose -s - c = 0, -2*s + 4*c = 3*c - 6. Suppose 0 = -s*t + 40 + 138. What is the tens digit of t?
8
Suppose -5*l = -5*w + 90, 3*l + 46 = w - 0*w. Let t(q) = -q**2 - 14*q + 3. What is the units digit of t(l)?
3
What is the tens digit of (22/4)/((-40)/(-12160))?
7
Suppose 3*n + 111 = 4*j - 403, -2 = -n. What is the units digit of (-42)/(-4)*j/15?
1
Let o(w) = 9*w - 18. Let y be o(6). Suppose -2*h = -4*h + y. What is the tens digit of h?
1
Let q = -366 + 1702. What is the thousands digit of q?
1
Suppose -3*l + n + 0 = -9, 0 = -3*l - 5*n - 9. Suppose l*o + 403 + 283 = 0. What is the tens digit of 51/(-85) + o/(-5)?
6
Let k be (-5)/(-2)*(-6)/(-5). Let d be (-6)/(-14) + (-18)/(-7). Suppose 5*j + 2*f = 323, -103 = -d*j + k*f + 95. What is the tens digit of j?
6
Let t = 1 + -2. Let q be 7 + ((-3)/3)/t. Suppose 0 = -6*b + 4*b + q. What is the units digit of b?
4
Let k(i) = -85*i - 7. What is the tens digit of k(-1)?
7
Suppose 2*d - 822 = -d. Suppose 65*r - 39 = 52*r. Suppose 5*m - r*j - d = j, m + 4*j = 74. What is the tens digit of m?
5
Let c(n) = -n + 9. Let w be c(5). Let g(q) = -q + 6*q**2 + 53*q**2 + w*q**2. What is the units digit of g(-1)?
4
Suppose 0 = -3*j + 2*j. Let d be j + -2 - -3 - -1. Suppose d*f - 15 = 3*f + 4*z, -f - z = 0. What is the units digit of f?
5
Suppose -5*b + 2*r - 608 = 0, 5*b + 5*r = -328 - 252. Let f = b - -192. What is the tens digit of f?
7
Suppose -2*b = -c - 3313, 2*c - 8296 = 5*b - 10*b. What is the tens digit of b?
5
Suppose 5*n = 3*d - 125, -5*d + 0*d = 25. Let s = 99 + n. What is the tens digit of s?
7
Let t = 24 - 29. Let j = 25 + t. What is the tens digit of (j/50)/(1/110)?
4
Suppose 5*j = m - 31, 0 = -3*m + 5*m + j - 40. Let b be ((-12)/(-2))/(m/28). Suppose 4*l - 85 = -b*d + 3*d, -4*d - 16 = -l. What is the tens digit of l?
2
Let w be (22/77)/(1/49). Let f = w - -7. What is the units digit of f?
1
Let p(a) = -6*a - 8. Let f be p(-4). Suppose 0 = 18*k - f*k - 48. What is the tens digit of k?
2
Let d(i) = i - 7. Let r be (-282)/(-24) - (-2)/8. Suppose -4*p - r = 2*b - b, p = -b + 3. What is the units digit of d(b)?
1
Suppose 4*t = 5*t - 324. Suppose -5*h + j + t = 0, 3*h - 135 - 69 = 3*j. What is the tens digit of h?
6
Suppose 5*x - 2643 = 3*b, -4*x - 2*b + 38 = -2072. What is the units digit of x?
8
Let v = -13 + 16. What is the units digit of 0/(v + -1) - -8?
8
Suppose a + 2*n = -2*a + 729, -4*a + 2*n = -958. What is the tens digit of a?
4
Let m be -1 + (2 - 3) + 2. Suppose 4*g - 21 + 5 = m. Suppose -5*z = 5, 0 = -4*s - 0*z - g*z + 24. What is the units digit of s?
7
Let n(m) = 1 + 5*m + 2*m**2 + 0*m**2 + 3 + 3*m**2. What is the hundreds digit of n(5)?
1
Suppose 12 = -d + 4*d. Suppose d*u + 4 = 0, 6*t = 2*t - 4*u. What is the units digit of (t + 0)/((-8)/(-424))?
3
Suppose -108 = -2*f - 0*f. Let o = -30 + f. What is the units digit of o + -3 + 0 + -1?
0
Let i(n) = 851*n - 392. What is the units digit of i(4)?
2
Let l(h) = h + 14. Let k be l(-9). Suppose -5*r = -5, 0*a + 2*a + k*r = -1. What is the tens digit of 1*a - 296/(-8)?
3
Let r = -147 - -126. Let n(x) = -x**3 - 20*x**2 + 19*x + 23. What is the units digit of n(r)?
5
Let g = 1953 + -1222. What is the hundreds digit of g?
7
Let x(p) be the first derivative of 2*p**3 - 3*p**2 - 5*p + 20. What is the hundreds digit o